test common divisor of y and 54?
27
Let r = -15480 - -27304. Calculate the highest common factor of 16 and r.
16
Let u = -79 + 104. What is the highest common factor of 400 and u?
25
Let j = 2244 - 1320. Suppose 19*b = -3*b + j. Calculate the highest common divisor of b and 12.
6
Suppose 4*c = -2*w + 830, -w - 4*w = -5*c + 1060. Let p = -183 + c. What is the greatest common factor of p and 143?
13
Let f be (10 - -17) + 0 + 2. Suppose -4*k + 2343 = 5*a - 340, 0 = -3*k - 5*a + 2016. What is the highest common factor of k and f?
29
Suppose -1773*a = -1701*a - 84672. What is the highest common divisor of a and 24?
24
Suppose -5*v + 2*y + 274 = 0, -2*v - 2*y + 63 + 41 = 0. Let z be v/(-72)*(-8)/2. Suppose -291 = -z*o + 3. What is the greatest common divisor of o and 14?
14
Suppose 0 = 2*r + 4*p - 12258, -2*r + 7*p - 3*p + 12234 = 0. Calculate the highest common factor of 65 and r.
13
Let j be 59/7 + 4/7. Suppose 17 + 10 = j*i. Suppose i*s - 5*s + 3*m = -140, 3*m = 3*s - 210. Calculate the highest common divisor of s and 14.
14
Let h be (-176)/440 - ((-2)/(-8) - (-6519)/(-60)). Calculate the highest common divisor of h and 486.
54
Suppose 6732 = 76*u - 43*u. Calculate the greatest common divisor of 24 and u.
12
Let x = -6500 + 6520. What is the greatest common divisor of x and 670?
10
Suppose -21*o + 118 + 2822 = 0. What is the greatest common factor of o and 2870?
70
Suppose -1663*o = -1644*o - 59 - 188. Suppose -4*l + 3070 = -k, k + k + 4 = 0. Calculate the highest common factor of l and o.
13
Suppose 5*u - 3*r = 39, -1 = -5*r + 9. Suppose -l = 2*z + 3*l - 12, u = -z + l. Let m = 30 + z. Calculate the highest common factor of 2 and m.
2
Let z be -1 + 7 - 15450/(-25). Suppose h = g - 13, 4*g - 2*h = 8*g - 70. Calculate the highest common divisor of z and g.
16
Suppose 22*u - 610 - 2168 = 1402. Suppose -2*v = -b + 3*v, 5*v - 50 = -4*b. Calculate the greatest common divisor of u and b.
10
Let a(n) = -346*n + 1073. Let c be a(-4). What is the highest common factor of c and 195?
39
Suppose 166*p - 189*p + 6624 = 0. What is the greatest common divisor of p and 2784?
96
Let p = 127 + -53. Let i = p + -31. Let c = 180 + -94. Calculate the greatest common divisor of i and c.
43
Suppose 0 = 11*v + 28*v + 403 - 9451. Calculate the highest common factor of 108 and v.
4
Let b(u) = -u**2 + 27*u + 123. Let p be b(30). Calculate the highest common factor of 3476 and p.
11
Let m be (-17)/2*((-8)/(-9) + 54760/(-1665)). Calculate the greatest common divisor of 34544 and m.
272
Suppose -k - 4*s = -2*k + 76, -2*k + 164 = -5*s. Suppose -k*i + 90*i = -6. Suppose -7*v + 20 = -i*v. Calculate the highest common divisor of 40 and v.
5
Let n = -20 + 37. Suppose -7 = 2*c - n. Let u(b) = b**3 + 108*b**2 + 2134*b + 62. Let v be u(-26). Calculate the greatest common factor of v and c.
5
Let t be (-2 - (-1604)/4) + 16/40*15. What is the highest common divisor of t and 63?
9
Suppose -49 = -3*c + 8. Suppose 5*u + 2*i - 750 = 0, 8*u - 9*u + 167 = -3*i. Calculate the highest common divisor of u and c.
19
Let a be (2648/(-30)*-3)/(2/10). What is the highest common divisor of 8 and a?
4
Let g(y) = -y + 23. Suppose 2*f + 23 = 4*q + 3, -q - 2*f + 10 = 0. Let z be ((-5)/2)/(q/(-12)). Let a be g(z). What is the highest common divisor of 24 and a?
6
Suppose -5*z + 5 = -5. Let l = -325608 + 325616. Calculate the greatest common factor of z and l.
2
Suppose 25*p - 5171 = -796. Calculate the greatest common divisor of 1470 and p.
35
Let u = 13 + -16. Let k = u - -5. Let c = -66 + 76. Calculate the highest common divisor of k and c.
2
Suppose 7047 = 37*h - 1093. Suppose -104 = -2*y + 4*j - 28, 5*j - h = -5*y. What is the greatest common factor of y and 399?
21
Suppose 0 = j + 3*x - 17, -3*j + 91 - 61 = 2*x. Calculate the highest common factor of j and 92.
4
Let s = 35469 + -35181. What is the highest common divisor of 4680 and s?
72
Suppose 4*t + 508 = 4*n, 4*n = 479*t - 478*t + 505. Let x(z) = -13*z**3 - z - 1. Let b be x(-2). Calculate the greatest common factor of n and b.
21
Let n(p) = -93*p - 362. Let k be n(-9). What is the highest common factor of k and 1235?
95
Suppose -10*q = 3*q - 5*q - 3400. What is the greatest common divisor of q and 225?
25
Suppose -35*q + 7506 + 8225 = 5371. What is the greatest common divisor of q and 384?
8
Let v be (40/6)/((-172)/(-387)). Suppose -639 = -4*d - 99. What is the greatest common divisor of d and v?
15
Suppose 0 = -5*j + 39 - 14. Suppose -j*c + 4*v - 1175 = 0, -3*c - 2*v = v + 705. Let u = c - -379. Calculate the greatest common divisor of u and 36.
36
Suppose -10687 = -3*z + 5*k - 1173, -4*z - 4*k = -12664. What is the greatest common factor of 8 and z?
8
Suppose u = -5*s + 23335, 5*u - 69557 - 47278 = -5*s. What is the highest common factor of u and 187?
187
Let t(s) = -2*s**3 + 69*s**2 - 102*s - 2. Let i be t(21). What is the greatest common factor of 26 and i?
13
Suppose -342*l + 322*l = -35500. Calculate the greatest common divisor of 5 and l.
5
Suppose -2*s - 4*y + 24528 = 2*s, 0 = 7*s + 4*y - 42939. What is the highest common divisor of 51 and s?
17
Let t(k) = -13*k - 205. Let v be t(-14). Let b(w) = w**2 + w - 33. Let z be b(0). Let o = v - z. What is the greatest common divisor of o and 30?
10
Let t = 1977 - 1927. Let m be -1 - -49 - (-2 - 0). Suppose t*i = 55*i - m. Calculate the highest common factor of i and 20.
10
Let o be (1 - 3)*1509*6/36. Let h = 520 + o. Calculate the greatest common factor of h and 51.
17
Let r be 29784/36 - (-150)/(-45). What is the greatest common factor of r and 88?
8
Let h(q) = -15*q + 153. Let c be h(10). Let x be c + 1 + 48/(-24) + 104. What is the highest common factor of x and 159?
53
Let z(c) = 35*c**2 - 3 + 5*c - 18 - 27*c**2 - 15*c. Let x be z(-3). Calculate the highest common divisor of 27 and x.
27
Suppose -381*g - 27 = -384*g. Let s be -6*((-33)/g + -3). Calculate the greatest common factor of 10 and s.
10
Let o(r) = r**3 - r**2 - 7*r + 4. Let j(w) = w + 1. Let v(p) = 4*j(p) + o(p). Let s be v(4). What is the greatest common factor of s and 11?
11
Suppose 5*n + 37 = 4*v, 5*v - 4*v = -4*n - 17. Suppose 0 = -7*h + 18 + v. Suppose h = 2*s - 13. What is the highest common factor of s and 4?
4
Suppose -6*p - 20 = -10*p. Suppose y - 34 = -0*y - p*c, -4*c + 20 = 0. Let o be 108/(5/(20/6)). What is the highest common divisor of o and y?
9
Suppose 0 = 2*x + 129 - 141. Let q(u) = u**3 + 3*u**2 - 3*u - 9. Let a be q(x). What is the greatest common factor of a and 54?
27
Let u = -14113 + 19097. What is the greatest common factor of u and 154?
14
Suppose 3*w - 245 = -11*r + 6*r, -205 = -2*w + 5*r. Suppose -81*o + w*o = 1881. Calculate the highest common factor of o and 57.
19
Let l = 675 + -387. What is the highest common divisor of l and 64?
32
Let m be 2/5 + 126/10. Suppose 11356 = -48*g + 14*g. Let y = g - -425. Calculate the greatest common divisor of m and y.
13
Let r = -17832 + 21387. Calculate the greatest common factor of r and 30.
15
Suppose 140*r - 419*r = -189*r - 128340. Calculate the highest common factor of 92 and r.
46
Let s(x) = -x**3 + 4*x**2 + 6*x + 7. Let g be s(5). Suppose 0 = -135*o - 141*o - 1602 + 9882. Calculate the highest common divisor of g and o.
6
Suppose 4*k = k + 144. Suppose -4*o - 134 = -5*y, y - 3*y = 4*o - k. Suppose 1872 = 144*h - 126*h. Calculate the highest common factor of y and h.
26
Suppose 56196 = 12*x - 30396. Calculate the highest common divisor of 88 and x.
88
Let a(v) = -25*v + 34. Let p(y) = y**2 - 51*y + 69. Let g(q) = 5*a(q) - 2*p(q). Let m be g(-9). Calculate the highest common divisor of 11 and m.
11
Suppose 3*k - 2*o = -k + 6, -9 = 3*o. Suppose -6*h + 12 + 84 = k. Let y = 213 - 69. What is the greatest common factor of h and y?
16
Suppose -46 - 89 = -5*z. Let b(w) be the first derivative of w**2 - 3*w - 71. Let l be b(15). Calculate the greatest common factor of l and z.
27
Suppose -88*a - 2154 = -5*y - 91*a, 2*y - 854 = -5*a. Let x = y + -397. Calculate the greatest common divisor of x and 35.
35
Suppose -22*i = -2115 - 1801. What is the greatest common factor of i and 979?
89
Let k = 40 + -36. Suppose k*h - 2*h - 208 = 0. Calculate the greatest common divisor of h and 8.
8
Suppose 12*j - 1 - 383 = 0. Suppose 6*h + j = 224. What is the greatest common divi